{"id":395,"date":"2020-08-26T08:37:18","date_gmt":"2020-08-26T06:37:18","guid":{"rendered":"http:\/\/julesferry-cannes.fr\/?page_id=395"},"modified":"2025-11-18T16:30:10","modified_gmt":"2025-11-18T15:30:10","slug":"prepa-tsi","status":"publish","type":"page","link":"https:\/\/julesferry-cannes.fr\/?page_id=395","title":{"rendered":"Classe pr\u00e9pa TSI"},"content":{"rendered":"<a href=\"https:\/\/julesferry-cannes.fr\/wp-content\/uploads\/2025\/11\/08282-LYCEE-JULES-FERRY-Roll-up-CPGE-TSI-V4.pdf\" class=\"pdfemb-viewer\" style=\"\" data-width=\"max\" data-height=\"max\"  data-toolbar=\"bottom\" data-toolbar-fixed=\"off\">08282-LYCEE-JULES-FERRY-Roll-up-CPGE-TSI-V4<br\/><\/a>\n<p class=\"wp-block-pdfemb-pdf-embedder-viewer\"><\/p>\n\n\n<a href=\"https:\/\/julesferry-cannes.fr\/wp-content\/uploads\/2023\/11\/tsi_2023.pdf\" class=\"pdfemb-viewer\" style=\"\" data-width=\"max\" data-height=\"max\"  data-toolbar=\"bottom\" data-toolbar-fixed=\"off\">tsi_2023<br\/><\/a>\n<p class=\"wp-block-pdfemb-pdf-embedder-viewer\"><\/p>\n\n\n\n<div class=\"wp-block-file\"><a id=\"wp-block-file--media-b6dd4a4e-3cce-49d2-9c7e-f562eea8c7b1\" href=\"https:\/\/julesferry-cannes.fr\/wp-content\/uploads\/2023\/11\/tsi_2023.pdf\">tsi_2023<\/a><a href=\"https:\/\/julesferry-cannes.fr\/wp-content\/uploads\/2023\/11\/tsi_2023.pdf\" class=\"wp-block-file__button wp-element-button\" download aria-describedby=\"wp-block-file--media-b6dd4a4e-3cce-49d2-9c7e-f562eea8c7b1\">T\u00e9l\u00e9charger le flyer CPGE TSI<\/a><\/div>\n\n\n\n<hr class=\"wp-block-separator has-css-opacity\"\/>\n\n\n\n<p class=\"has-black-color has-text-color\" style=\"font-size:39px\"><strong>T\u00e9moignages<\/strong><\/p>\n\n\n\n<div class=\"wp-block-columns is-layout-flex wp-container-core-columns-layout-1 wp-block-columns-is-layout-flex\">\n<div class=\"wp-block-column is-layout-flow wp-block-column-is-layout-flow\">\n<figure class=\"wp-block-image size-large\"><a href=\"https:\/\/drive.google.com\/file\/d\/1LX_O2HXIX-Id4sb0-BJhpz1GAHKBrDhJ\/view?usp=sharing\"><img loading=\"lazy\" decoding=\"async\" width=\"223\" height=\"307\" src=\"http:\/\/julesferry-cannes.fr\/wp-content\/uploads\/2021\/02\/M-CARDEUR.jpg\" alt=\"\" class=\"wp-image-1232\" srcset=\"https:\/\/julesferry-cannes.fr\/wp-content\/uploads\/2021\/02\/M-CARDEUR.jpg 223w, https:\/\/julesferry-cannes.fr\/wp-content\/uploads\/2021\/02\/M-CARDEUR-218x300.jpg 218w, https:\/\/julesferry-cannes.fr\/wp-content\/uploads\/2021\/02\/M-CARDEUR-196x270.jpg 196w\" sizes=\"(max-width: 223px) 100vw, 223px\" \/><\/a><\/figure>\n\n\n\n<div class=\"wp-block-buttons is-layout-flex wp-block-buttons-is-layout-flex\"><\/div>\n<\/div>\n\n\n\n<div class=\"wp-block-column is-layout-flow wp-block-column-is-layout-flow\">\n<div class=\"wp-block-buttons is-layout-flex wp-block-buttons-is-layout-flex\"><\/div>\n\n\n\n<div class=\"wp-block-buttons is-layout-flex wp-block-buttons-is-layout-flex\"><\/div>\n\n\n\n<figure class=\"wp-block-image size-large\"><a href=\"https:\/\/drive.google.com\/file\/d\/1prQGMzYpDuPWmXvU8lRO6Pmp9-vb4BhK\/view?usp=sharing\"><img loading=\"lazy\" decoding=\"async\" width=\"220\" height=\"302\" src=\"http:\/\/julesferry-cannes.fr\/wp-content\/uploads\/2022\/03\/photo-etudiant-Geoges.jpg\" alt=\"\" class=\"wp-image-1741\" srcset=\"https:\/\/julesferry-cannes.fr\/wp-content\/uploads\/2022\/03\/photo-etudiant-Geoges.jpg 220w, https:\/\/julesferry-cannes.fr\/wp-content\/uploads\/2022\/03\/photo-etudiant-Geoges-219x300.jpg 219w, https:\/\/julesferry-cannes.fr\/wp-content\/uploads\/2022\/03\/photo-etudiant-Geoges-197x270.jpg 197w\" sizes=\"(max-width: 220px) 100vw, 220px\" \/><\/a><\/figure>\n<\/div>\n\n\n\n<div class=\"wp-block-column is-layout-flow wp-block-column-is-layout-flow\"><\/div>\n<\/div>\n\n\n\n<hr class=\"wp-block-separator has-css-opacity\"\/>\n\n\n\n<div class=\"wp-block-columns is-layout-flex wp-container-core-columns-layout-2 wp-block-columns-is-layout-flex\">\n<div class=\"wp-block-column is-layout-flow wp-block-column-is-layout-flow\" style=\"flex-basis:25%\"><\/div>\n\n\n\n<div class=\"wp-block-column is-layout-flow wp-block-column-is-layout-flow\" style=\"flex-basis:50%\">\n<div class=\"wp-block-buttons is-layout-flex wp-block-buttons-is-layout-flex\">\n<div class=\"wp-block-button\"><a class=\"wp-block-button__link has-vivid-cyan-blue-background-color has-background wp-element-button\" href=\"http:\/\/tsi.ljf.free.fr\" target=\"_blank\" rel=\"noreferrer noopener\">Plus d&rsquo;informations sur la CPGE TSI<\/a><\/div>\n<\/div>\n<\/div>\n\n\n\n<div class=\"wp-block-column is-layout-flow wp-block-column-is-layout-flow\" style=\"flex-basis:25%\"><\/div>\n<\/div>\n\n\n\n<hr class=\"wp-block-separator has-css-opacity\"\/>\n\n\n\n<div class=\"wp-block-file\"><a id=\"wp-block-file--media-3d2a7987-0bef-42ed-9a12-a71ae9aaeb9f\" href=\"http:\/\/julesferry-cannes.fr\/wp-content\/uploads\/2020\/12\/convention-universite.pdf\">convention Rectorat de Nice et les universit\u00e9s<\/a><a href=\"http:\/\/julesferry-cannes.fr\/wp-content\/uploads\/2020\/12\/convention-universite.pdf\" class=\"wp-block-file__button wp-element-button\" download aria-describedby=\"wp-block-file--media-3d2a7987-0bef-42ed-9a12-a71ae9aaeb9f\">T\u00e9l\u00e9charger la convention universit\u00e9<\/a><\/div>\n\n\n\n<p><\/p>\n","protected":false},"excerpt":{"rendered":"<p>T\u00e9moignages<\/p>\n","protected":false},"author":1,"featured_media":0,"parent":0,"menu_order":0,"comment_status":"closed","ping_status":"closed","template":"","meta":{"footnotes":""},"_links":{"self":[{"href":"https:\/\/julesferry-cannes.fr\/index.php?rest_route=\/wp\/v2\/pages\/395"}],"collection":[{"href":"https:\/\/julesferry-cannes.fr\/index.php?rest_route=\/wp\/v2\/pages"}],"about":[{"href":"https:\/\/julesferry-cannes.fr\/index.php?rest_route=\/wp\/v2\/types\/page"}],"author":[{"embeddable":true,"href":"https:\/\/julesferry-cannes.fr\/index.php?rest_route=\/wp\/v2\/users\/1"}],"replies":[{"embeddable":true,"href":"https:\/\/julesferry-cannes.fr\/index.php?rest_route=%2Fwp%2Fv2%2Fcomments&post=395"}],"version-history":[{"count":52,"href":"https:\/\/julesferry-cannes.fr\/index.php?rest_route=\/wp\/v2\/pages\/395\/revisions"}],"predecessor-version":[{"id":2740,"href":"https:\/\/julesferry-cannes.fr\/index.php?rest_route=\/wp\/v2\/pages\/395\/revisions\/2740"}],"wp:attachment":[{"href":"https:\/\/julesferry-cannes.fr\/index.php?rest_route=%2Fwp%2Fv2%2Fmedia&parent=395"}],"curies":[{"name":"wp","href":"https:\/\/api.w.org\/{rel}","templated":true}]}}