{"id":37,"date":"2020-08-24T17:16:50","date_gmt":"2020-08-24T15:16:50","guid":{"rendered":"http:\/\/julesferry-cannes.fr\/?page_id=37"},"modified":"2021-02-13T13:26:12","modified_gmt":"2021-02-13T12:26:12","slug":"le-bac-sti2d","status":"publish","type":"page","link":"https:\/\/julesferry-cannes.fr\/?page_id=37","title":{"rendered":"Le bac STI2D"},"content":{"rendered":"\n<p>Le bac <strong>STI2D<\/strong> s\u2019adresse aux lyc\u00e9ens qui s\u2019int\u00e9ressent \u00e0 l\u2019innovation technologique dans le respect de l\u2019environnement et se montrent sensibles \u00e0 une approche concr\u00e8te de l\u2019enseignement des sciences.<\/p>\n\n\n\n<hr class=\"wp-block-separator\"\/>\n\n\n\n<p class=\"has-text-align-center has-medium-font-size\"><strong>Organisation des enseignements<\/strong><\/p>\n\n\n\n<p class=\"has-text-align-center\"><strong>En premi\u00e8re:<\/strong><\/p>\n\n\n\n<p><strong>Enseignements communs&nbsp;:<\/strong><br>\u2022 Fran\u00e7ais (3h)<br>\u2022 Histoire G\u00e9ographie (1,5h)<br>\u2022 Enseignement moral et civique \u2013EMC (18h\/an)<br>\u2022 Math\u00e9matiques (3h)<br>\u2022 Langues vivantes LV (3h) et enseignement technologique en Anglais (1h)<br>\u2022 Education Physique et Sportive-EPS (2h)<\/p>\n\n\n\n<p><strong>Enseignements de sp\u00e9cialit\u00e9<\/strong><br>\u2022 Ing\u00e9nierie et D\u00e9veloppement Durable- I2D (9h)<br>\u2022 Innovation Technologique \u2013IT (3h)<br>\u2022 Physique \u2013 chimie et Math\u00e9matiques (6h)<\/p>\n\n\n\n<p class=\"has-text-align-center\"><strong>En terminale<\/strong><\/p>\n\n\n\n<p><strong>Enseignements communs&nbsp;:<\/strong><br>\u2022 Philosophie (2h)<br>\u2022 Histoire G\u00e9ographie (1,5h)<br>\u2022 Enseignement moral et civique \u2013EMC (18h\/an)<br>\u2022 Math\u00e9matiques (3h)<br>\u2022 Langues vivantes LV (3h) et enseignement technologique en Anglais (1h)<br>\u2022 Education Physique et Sportive-EPS (2h)<\/p>\n\n\n\n<p><strong>Enseignements de sp\u00e9cialit\u00e9<\/strong>:<br>\u2022 Ing\u00e9nierie, innovation et d\u00e9veloppement durable (2I2D) : avec 1 enseignement \u00e0 choisir parmi : AC \u2013 EE \u2013 ITEC \u2013 SIN  (12h)<br>\u2022 Physique \u2013 chimie et Math\u00e9matiques (6h)<\/p>\n\n\n\n<hr class=\"wp-block-separator\"\/>\n\n\n\n<h3 class=\"has-text-align-center wp-block-heading\">POURSUITE D&rsquo;\u00c9TUDES<\/h3>\n\n\n\n<ul><li><a href=\"https:\/\/julesferry-cannes.fr\/?page_id=580\" data-type=\"page\" data-id=\"580\"><strong><span class=\"has-inline-color has-vivid-cyan-blue-color\">BTS<\/span><\/strong><\/a> (en 2 ans) <\/li><li>BUT (en 3 ans)<\/li><li>Licence (3 ans)<\/li><li>Classe pr\u00e9paratoire aux grandes \u00e9coles <strong><a href=\"https:\/\/julesferry-cannes.fr\/?page_id=395\" data-type=\"page\" data-id=\"395\"><span class=\"has-inline-color has-vivid-cyan-blue-color\">CPGE TSI<\/span><\/a><\/strong> (2 ans) r\u00e9serv\u00e9e aux bacheliers STI2D. <\/li><\/ul>\n\n\n\n<hr class=\"wp-block-separator\"\/>\n\n\n\n<p class=\"has-text-align-center has-medium-font-size\"><strong>Notre flyer<\/strong><\/p>\n\n\n<a href=\"https:\/\/julesferry-cannes.fr\/wp-content\/uploads\/2021\/02\/depliant-bac-sti2d-v3-color-p1.pdf\" class=\"pdfemb-viewer\" style=\"\" data-width=\"max\" data-height=\"max\"  data-toolbar=\"bottom\" data-toolbar-fixed=\"off\">depliant-bac-sti2d-v3-color-p1<br\/><\/a>\n<p class=\"wp-block-pdfemb-pdf-embedder-viewer\"><\/p>\n\n\n<a href=\"https:\/\/julesferry-cannes.fr\/wp-content\/uploads\/2021\/02\/depliant-bac-sti2d-v3-color-p2.pdf\" class=\"pdfemb-viewer\" style=\"\" data-width=\"max\" data-height=\"max\"  data-toolbar=\"bottom\" data-toolbar-fixed=\"off\">depliant-bac-sti2d-v3-color-p2<br\/><\/a>\n<p class=\"wp-block-pdfemb-pdf-embedder-viewer\"><\/p>\n\n\n\n<div class=\"wp-block-file\"><a href=\"http:\/\/julesferry-cannes.fr\/wp-content\/uploads\/2020\/12\/depliant-bac-sti2d.pdf\" class=\"wp-block-file__button\" download>T\u00e9l\u00e9charger le flyer STI2D<\/a><\/div>\n\n\n\n<p><\/p>\n","protected":false},"excerpt":{"rendered":"<p>Le bac STI2D s\u2019adresse aux lyc\u00e9ens qui s\u2019int\u00e9ressent \u00e0 l\u2019innovation technologique dans le respect de l\u2019environnement et se montrent sensibles \u00e0 une approche concr\u00e8te de l\u2019enseignement des sciences. Organisation des enseignements En premi\u00e8re: Enseignements communs&nbsp;:\u2022 Fran\u00e7ais (3h)\u2022 Histoire G\u00e9ographie (1,5h)\u2022&hellip;&nbsp;<a href=\"https:\/\/julesferry-cannes.fr\/?page_id=37\" class=\"more-link\">Read More<\/a><\/p>\n","protected":false},"author":1,"featured_media":0,"parent":0,"menu_order":0,"comment_status":"closed","ping_status":"closed","template":"","meta":{"footnotes":""},"_links":{"self":[{"href":"https:\/\/julesferry-cannes.fr\/index.php?rest_route=\/wp\/v2\/pages\/37"}],"collection":[{"href":"https:\/\/julesferry-cannes.fr\/index.php?rest_route=\/wp\/v2\/pages"}],"about":[{"href":"https:\/\/julesferry-cannes.fr\/index.php?rest_route=\/wp\/v2\/types\/page"}],"author":[{"embeddable":true,"href":"https:\/\/julesferry-cannes.fr\/index.php?rest_route=\/wp\/v2\/users\/1"}],"replies":[{"embeddable":true,"href":"https:\/\/julesferry-cannes.fr\/index.php?rest_route=%2Fwp%2Fv2%2Fcomments&post=37"}],"version-history":[{"count":14,"href":"https:\/\/julesferry-cannes.fr\/index.php?rest_route=\/wp\/v2\/pages\/37\/revisions"}],"predecessor-version":[{"id":1358,"href":"https:\/\/julesferry-cannes.fr\/index.php?rest_route=\/wp\/v2\/pages\/37\/revisions\/1358"}],"wp:attachment":[{"href":"https:\/\/julesferry-cannes.fr\/index.php?rest_route=%2Fwp%2Fv2%2Fmedia&parent=37"}],"curies":[{"name":"wp","href":"https:\/\/api.w.org\/{rel}","templated":true}]}}