{"id":18,"date":"2020-08-24T16:49:21","date_gmt":"2020-08-24T14:49:21","guid":{"rendered":"http:\/\/julesferry-cannes.fr\/?page_id=18"},"modified":"2020-12-20T18:32:26","modified_gmt":"2020-12-20T17:32:26","slug":"la-classe-de-seconde","status":"publish","type":"page","link":"https:\/\/julesferry-cannes.fr\/?page_id=18","title":{"rendered":"La classe de seconde"},"content":{"rendered":"\n<p>La seconde est une classe de d\u00e9termination qui permet de pr\u00e9parer le choix d&rsquo;une s\u00e9rie en premi\u00e8re. En fin de seconde, les \u00e9l\u00e8ves choisissent trois sp\u00e9cialit\u00e9s qu&rsquo;ils suivront en voie g\u00e9n\u00e9rale, ou une s\u00e9rie en voie technologique.<\/p>\n\n\n\n<hr class=\"wp-block-separator\"\/>\n\n\n\n<p class=\"has-large-font-size\"><strong>La classe de seconde comprend<\/strong> <\/p>\n\n\n\n<ul><li>des enseignements communs \u00e0 tous les \u00e9l\u00e8ves<\/li><li>un enseignement optionnel et non obligatoire \u00e0 choisir au moment de l&rsquo;inscription en seconde. <\/li><\/ul>\n\n\n\n<p class=\"has-vivid-green-cyan-color has-text-color\"><strong>Des Enseignements communs<\/strong><\/p>\n\n\n\n<p>Fran\u00e7ais&nbsp;: 4h<br>Histoire &#8211; G\u00e9ographie&nbsp;: 3h<br>Langues vivantes A et B&nbsp;: 5h30<br>Sciences \u00e9conomiques et sociales (SES)&nbsp;: 1h30<br>Math\u00e9matiques&nbsp;: 4h<br>Physique-chimie&nbsp;: 3h<br>Sciences de la vie et de la Terre (SVT)&nbsp;: 1h30<br>Education physique et sportive&nbsp;: 2h<br>Enseignement moral et civique&nbsp;: 18h annuelles<br>Sciences num\u00e9riques et technologie&nbsp;: 1h30<\/p>\n\n\n\n<p><strong>Accompagnement personnalis\u00e9<\/strong>&nbsp;: volume horaire d\u00e9termin\u00e9 selon les besoins des \u00e9l\u00e8ves<\/p>\n\n\n\n<p class=\"has-vivid-green-cyan-color has-text-color\"><strong>Un enseignement optionnel&nbsp;: 1h30. Le lyc\u00e9e Jules ferry vous propose :<\/strong><\/p>\n\n\n\n<ul><li>Biotechnologies<ul><li>d\u00e9couvrir les protocoles exp\u00e9rimentaux, les proc\u00e9d\u00e9s bio-industriels<\/li><li>aborder les questions de qualit\u00e9 et de s\u00e9curit\u00e9 biologiques<\/li><li>r\u00e9fl\u00e9chir \u00e0 la place des sciences et des biotechnologies dans la soci\u00e9t\u00e9 actuelle<\/li><\/ul><\/li><\/ul>\n\n\n\n<ul><li>Sciences et laboratoire<ul><li>d\u00e9couvrir et pratiquer des activit\u00e9s scientifiques en laboratoire<\/li><li>apprendre \u00e0 conna\u00eetre et utiliser des m\u00e9thodologies et des outils propres aux diff\u00e9rentes disciplines scientifiques concern\u00e9es<\/li><\/ul><\/li><\/ul>\n\n\n\n<ul><li>Sciences de l\u2019ing\u00e9nieur<ul><li>analyser comment des produits ou des syst\u00e8mes complexes r\u00e9pondent \u00e0 des besoins soci\u00e9taux \u00e0 travers la question du d\u00e9veloppement durable<\/li><li>d\u00e9couvrir les objectifs et les m\u00e9thodes de travail propres aux sciences de l\u2019ing\u00e9nieur<\/li><\/ul><\/li><\/ul>\n\n\n\n<ul><li>Cr\u00e9ation et innovation technologiques<ul><li>comprendre la conception d\u2019un produit ou d\u2019un syst\u00e8me technique faisant appel \u00e0 des principes innovants et r\u00e9pondant aux exigences du d\u00e9veloppement durable<\/li><li>explorer de mani\u00e8re active des domaines techniques et les m\u00e9thodes d\u2019innovation<\/li><\/ul><\/li><\/ul>\n\n\n\n<div class=\"wp-block-group\"><div class=\"wp-block-group__inner-container is-layout-flow wp-block-group-is-layout-flow\">\n<div class=\"wp-block-group\"><div class=\"wp-block-group__inner-container is-layout-flow wp-block-group-is-layout-flow\">\n<hr class=\"wp-block-separator\"\/>\n<\/div><\/div>\n<\/div><\/div>\n\n\n\n<p class=\"has-text-align-center has-large-font-size\">Apr\u00e8s la SECONDE <\/p>\n\n\n\n<p>Vous avez le choix dans notre \u00e9tablissement entre\u2026<\/p>\n\n\n\n<p>La classe de Premi\u00e8re puis Terminale G\u00e9n\u00e9rale pr\u00e9parant \u00e0 un BAC G\u00e9n\u00e9ral \u00e0 forte coloration scientifique.   <\/p>\n\n\n\n<p class=\"has-text-align-center has-vivid-cyan-blue-color has-text-color\"><a href=\"https:\/\/julesferry-cannes.fr\/?page_id=579\" data-type=\"page\" data-id=\"579\"><strong>Voie G\u00e9n\u00e9rale<\/strong><\/a><\/p>\n\n\n\n<p>La classe de Premi\u00e8re puis de Terminale STL ou STI2D pr\u00e9parant \u00e0 un BAC Technologique    <\/p>\n\n\n\n<p class=\"has-text-align-center has-vivid-cyan-blue-color has-text-color\"><a href=\"https:\/\/julesferry-cannes.fr\/?page_id=620\" data-type=\"page\" data-id=\"620\"><strong>Voie Technologique<\/strong><\/a><\/p>\n","protected":false},"excerpt":{"rendered":"<p>La seconde est une classe de d\u00e9termination qui permet de pr\u00e9parer le choix d&rsquo;une s\u00e9rie en premi\u00e8re. En fin de seconde, les \u00e9l\u00e8ves choisissent trois sp\u00e9cialit\u00e9s qu&rsquo;ils suivront en voie g\u00e9n\u00e9rale, ou une s\u00e9rie en voie technologique. La classe de&hellip;&nbsp;<a href=\"https:\/\/julesferry-cannes.fr\/?page_id=18\" class=\"more-link\">Read More<\/a><\/p>\n","protected":false},"author":1,"featured_media":0,"parent":0,"menu_order":0,"comment_status":"closed","ping_status":"closed","template":"","meta":{"footnotes":""},"_links":{"self":[{"href":"https:\/\/julesferry-cannes.fr\/index.php?rest_route=\/wp\/v2\/pages\/18"}],"collection":[{"href":"https:\/\/julesferry-cannes.fr\/index.php?rest_route=\/wp\/v2\/pages"}],"about":[{"href":"https:\/\/julesferry-cannes.fr\/index.php?rest_route=\/wp\/v2\/types\/page"}],"author":[{"embeddable":true,"href":"https:\/\/julesferry-cannes.fr\/index.php?rest_route=\/wp\/v2\/users\/1"}],"replies":[{"embeddable":true,"href":"https:\/\/julesferry-cannes.fr\/index.php?rest_route=%2Fwp%2Fv2%2Fcomments&post=18"}],"version-history":[{"count":14,"href":"https:\/\/julesferry-cannes.fr\/index.php?rest_route=\/wp\/v2\/pages\/18\/revisions"}],"predecessor-version":[{"id":945,"href":"https:\/\/julesferry-cannes.fr\/index.php?rest_route=\/wp\/v2\/pages\/18\/revisions\/945"}],"wp:attachment":[{"href":"https:\/\/julesferry-cannes.fr\/index.php?rest_route=%2Fwp%2Fv2%2Fmedia&parent=18"}],"curies":[{"name":"wp","href":"https:\/\/api.w.org\/{rel}","templated":true}]}}