{"id":1634,"date":"2022-02-28T09:19:29","date_gmt":"2022-02-28T08:19:29","guid":{"rendered":"http:\/\/julesferry-cannes.fr\/?page_id=1634"},"modified":"2026-03-26T15:26:39","modified_gmt":"2026-03-26T14:26:39","slug":"bachelor","status":"publish","type":"page","link":"https:\/\/julesferry-cannes.fr\/?page_id=1634","title":{"rendered":"Bachelor Maintenance 4.0"},"content":{"rendered":"<a href=\"https:\/\/julesferry-cannes.fr\/wp-content\/uploads\/2025\/11\/08282-LYCEE-JULES-FERRY-Roll-up-Bachelor-V4.pdf\" class=\"pdfemb-viewer\" style=\"\" data-width=\"max\" data-height=\"max\"  data-toolbar=\"bottom\" data-toolbar-fixed=\"off\">08282-LYCEE-JULES-FERRY-Roll-up-Bachelor-V4<br\/><\/a>\n<p class=\"wp-block-pdfemb-pdf-embedder-viewer\"><\/p>\n\n\n<a href=\"https:\/\/julesferry-cannes.fr\/wp-content\/uploads\/2024\/05\/Affiche-Bachelor-2024.pdf\" class=\"pdfemb-viewer\" style=\"\" data-width=\"max\" data-height=\"max\"  data-toolbar=\"bottom\" data-toolbar-fixed=\"off\">Affiche-Bachelor-2024<br\/><\/a>\n<p class=\"wp-block-pdfemb-pdf-embedder-viewer\"><\/p>\n\n\n\n<p><a href=\"https:\/\/julesferry-cannes.fr\/wp-content\/uploads\/2024\/05\/Affiche-Bachelor-2024.pdf\">T\u00e9l\u00e9charger l&rsquo;affiche<\/a><\/p>\n\n\n\n<div class=\"wp-block-columns is-layout-flex wp-container-core-columns-layout-1 wp-block-columns-is-layout-flex\">\n<div class=\"wp-block-column is-layout-flow wp-block-column-is-layout-flow\" style=\"flex-basis:25%\"><\/div>\n\n\n\n<div class=\"wp-block-column is-layout-flow wp-block-column-is-layout-flow\" style=\"flex-basis:50%\">\n<div class=\"wp-block-buttons is-layout-flex wp-block-buttons-is-layout-flex\">\n<div class=\"wp-block-button\"><a class=\"wp-block-button__link has-white-color has-text-color has-background wp-element-button\" href=\"https:\/\/www.formation-industries-paca.fr\/formations\/technicien-e-maintenance\/\" style=\"border-radius:0px;background-color:#3770ab\">Compl\u00e9ment d&rsquo;informations du CFAI<\/a><\/div>\n<\/div>\n<\/div>\n\n\n\n<div class=\"wp-block-column is-layout-flow wp-block-column-is-layout-flow\" style=\"flex-basis:25%\"><\/div>\n<\/div>\n\n\n\n<div class=\"wp-block-columns is-layout-flex wp-container-core-columns-layout-2 wp-block-columns-is-layout-flex\">\n<div class=\"wp-block-column is-layout-flow wp-block-column-is-layout-flow\"><\/div>\n\n\n\n<div class=\"wp-block-column is-layout-flow wp-block-column-is-layout-flow\">\n<div class=\"wp-block-buttons is-layout-flex wp-block-buttons-is-layout-flex\">\n<div class=\"wp-block-button\"><a class=\"wp-block-button__link has-white-color has-text-color has-background wp-element-button\" href=\"https:\/\/candidature-cfai-provence.hub3e.com\/\" style=\"border-radius:0px;background-color:#3770ab\">PRE-INSCRIPTION<\/a><\/div>\n<\/div>\n<\/div>\n\n\n\n<div class=\"wp-block-column is-layout-flow wp-block-column-is-layout-flow\"><\/div>\n<\/div>\n\n\n\n<p class=\"has-text-color has-link-color has-large-font-size wp-elements-5e881da7b3ea5f2da21608c7c968300b\" style=\"color:#3770ab\"><strong>Exemples d&rsquo;activit\u00e9s de nos \u00e9tudiants<\/strong><\/p>\n\n\n\n<figure class=\"wp-block-image size-large\"><img loading=\"lazy\" decoding=\"async\" width=\"1024\" height=\"406\" src=\"https:\/\/julesferry-cannes.fr\/wp-content\/uploads\/2024\/05\/Maintenance-en-vol-des-satellites-IA-1024x406.jpg\" alt=\"\" class=\"wp-image-2454\" srcset=\"https:\/\/julesferry-cannes.fr\/wp-content\/uploads\/2024\/05\/Maintenance-en-vol-des-satellites-IA-1024x406.jpg 1024w, https:\/\/julesferry-cannes.fr\/wp-content\/uploads\/2024\/05\/Maintenance-en-vol-des-satellites-IA-300x119.jpg 300w, https:\/\/julesferry-cannes.fr\/wp-content\/uploads\/2024\/05\/Maintenance-en-vol-des-satellites-IA-768x304.jpg 768w, https:\/\/julesferry-cannes.fr\/wp-content\/uploads\/2024\/05\/Maintenance-en-vol-des-satellites-IA-1536x608.jpg 1536w, https:\/\/julesferry-cannes.fr\/wp-content\/uploads\/2024\/05\/Maintenance-en-vol-des-satellites-IA-2048x811.jpg 2048w, https:\/\/julesferry-cannes.fr\/wp-content\/uploads\/2024\/05\/Maintenance-en-vol-des-satellites-IA-360x143.jpg 360w\" sizes=\"(max-width: 1024px) 100vw, 1024px\" \/><figcaption class=\"wp-element-caption\">Maintenance en vol des satellites \u00e0 base d\u2019Intelligence Artificielle accompagn\u00e9e par les data scientist de Thales Alenia Space<\/figcaption><\/figure>\n\n\n\n<figure class=\"wp-block-image size-large\"><img loading=\"lazy\" decoding=\"async\" width=\"1024\" height=\"768\" src=\"https:\/\/julesferry-cannes.fr\/wp-content\/uploads\/2024\/05\/Surveillance-des-donnees-energetiques-1024x768.jpg\" alt=\"\" class=\"wp-image-2456\" srcset=\"https:\/\/julesferry-cannes.fr\/wp-content\/uploads\/2024\/05\/Surveillance-des-donnees-energetiques-1024x768.jpg 1024w, https:\/\/julesferry-cannes.fr\/wp-content\/uploads\/2024\/05\/Surveillance-des-donnees-energetiques-300x225.jpg 300w, https:\/\/julesferry-cannes.fr\/wp-content\/uploads\/2024\/05\/Surveillance-des-donnees-energetiques-768x576.jpg 768w, https:\/\/julesferry-cannes.fr\/wp-content\/uploads\/2024\/05\/Surveillance-des-donnees-energetiques-1536x1152.jpg 1536w, https:\/\/julesferry-cannes.fr\/wp-content\/uploads\/2024\/05\/Surveillance-des-donnees-energetiques-2048x1536.jpg 2048w, https:\/\/julesferry-cannes.fr\/wp-content\/uploads\/2024\/05\/Surveillance-des-donnees-energetiques-360x270.jpg 360w\" sizes=\"(max-width: 1024px) 100vw, 1024px\" \/><figcaption class=\"wp-element-caption\">Surveillance \u00e0 distance des \u00e9quipements du Port Vauban \u00e0 Antibes et suivi des donn\u00e9es \u00e9nerg\u00e9tiques avec t\u00e9l\u00e9rel\u00e8ve<\/figcaption><\/figure>\n\n\n\n<figure class=\"wp-block-image size-large\"><img loading=\"lazy\" decoding=\"async\" width=\"768\" height=\"1024\" src=\"https:\/\/julesferry-cannes.fr\/wp-content\/uploads\/2024\/05\/Diagnostic-de-pollution-harmonique-768x1024.jpg\" alt=\"\" class=\"wp-image-2453\" srcset=\"https:\/\/julesferry-cannes.fr\/wp-content\/uploads\/2024\/05\/Diagnostic-de-pollution-harmonique-768x1024.jpg 768w, https:\/\/julesferry-cannes.fr\/wp-content\/uploads\/2024\/05\/Diagnostic-de-pollution-harmonique-225x300.jpg 225w, https:\/\/julesferry-cannes.fr\/wp-content\/uploads\/2024\/05\/Diagnostic-de-pollution-harmonique-1152x1536.jpg 1152w, https:\/\/julesferry-cannes.fr\/wp-content\/uploads\/2024\/05\/Diagnostic-de-pollution-harmonique-1536x2048.jpg 1536w, https:\/\/julesferry-cannes.fr\/wp-content\/uploads\/2024\/05\/Diagnostic-de-pollution-harmonique-203x270.jpg 203w, https:\/\/julesferry-cannes.fr\/wp-content\/uploads\/2024\/05\/Diagnostic-de-pollution-harmonique-scaled.jpg 1920w\" sizes=\"(max-width: 768px) 100vw, 768px\" \/><figcaption class=\"wp-element-caption\">Diagnostic de pollution harmonique<\/figcaption><\/figure>\n\n\n\n<figure class=\"wp-block-image size-large\"><img loading=\"lazy\" decoding=\"async\" width=\"1024\" height=\"768\" src=\"https:\/\/julesferry-cannes.fr\/wp-content\/uploads\/2024\/05\/Realite-augmentee-1024x768.jpg\" alt=\"\" class=\"wp-image-2455\" srcset=\"https:\/\/julesferry-cannes.fr\/wp-content\/uploads\/2024\/05\/Realite-augmentee-1024x768.jpg 1024w, https:\/\/julesferry-cannes.fr\/wp-content\/uploads\/2024\/05\/Realite-augmentee-300x225.jpg 300w, https:\/\/julesferry-cannes.fr\/wp-content\/uploads\/2024\/05\/Realite-augmentee-768x576.jpg 768w, https:\/\/julesferry-cannes.fr\/wp-content\/uploads\/2024\/05\/Realite-augmentee-1536x1152.jpg 1536w, https:\/\/julesferry-cannes.fr\/wp-content\/uploads\/2024\/05\/Realite-augmentee-2048x1536.jpg 2048w, https:\/\/julesferry-cannes.fr\/wp-content\/uploads\/2024\/05\/Realite-augmentee-360x270.jpg 360w\" sizes=\"(max-width: 1024px) 100vw, 1024px\" \/><figcaption class=\"wp-element-caption\">Utilisation de la r\u00e9alit\u00e9 augment\u00e9e, r\u00e9alit\u00e9 virtuelle et des jumeaux num\u00e9riques<\/figcaption><\/figure>\n\n\n\n<p class=\"has-text-color has-link-color has-large-font-size wp-elements-2322b1bd036a8c4e1aa3705b52ae631f\" style=\"color:#3770ab\"><strong>L&#8217;emploi de nos apprentis<\/strong><\/p>\n\n\n\n<ul>\n<li class=\"has-medium-font-size\"><strong>Taux d\u2019emploi salari\u00e9 \u00e0 3 mois&nbsp;: &nbsp;100%<\/strong>\n<ul>\n<li>Pour information le taux d\u2019emploi national \u00e0 6 mois pour l\u2019ensemble des licences professionnelles est de 75,5% et de 78,1% pour le domaine Sciences et Technologies, source MERS-SIES. Insersup)<\/li>\n<\/ul>\n<\/li>\n\n\n\n<li class=\"has-medium-font-size\"><strong>Pourcentage de laur\u00e9ats ayant re\u00e7u une proposition de contrat par l\u2019entreprise dans laquelle ils ont r\u00e9alis\u00e9 leur apprentissage<\/strong> :\n<ul>\n<li class=\"has-medium-font-size\">Promotion 2023 : 66%<\/li>\n\n\n\n<li class=\"has-medium-font-size\">Promotion 2024 : 75%<\/li>\n\n\n\n<li class=\"has-medium-font-size\">Promotion 2025 : 80%<\/li>\n<\/ul>\n<\/li>\n<\/ul>\n\n\n\n<p class=\"has-text-color has-link-color has-large-font-size wp-elements-fee2f2e6af78a3499e4639f4dd97fecc\" style=\"color:#3770ab\"><strong>Calendrier pr\u00e9visionnel de l\u2019alternance 2024-2025<\/strong><\/p>\n\n\n\n<figure class=\"wp-block-image size-large\"><img loading=\"lazy\" decoding=\"async\" width=\"1024\" height=\"381\" src=\"https:\/\/julesferry-cannes.fr\/wp-content\/uploads\/2024\/05\/Calendrier-2024-2025-p1-1024x381.png\" alt=\"\" class=\"wp-image-2463\" srcset=\"https:\/\/julesferry-cannes.fr\/wp-content\/uploads\/2024\/05\/Calendrier-2024-2025-p1-1024x381.png 1024w, https:\/\/julesferry-cannes.fr\/wp-content\/uploads\/2024\/05\/Calendrier-2024-2025-p1-300x112.png 300w, https:\/\/julesferry-cannes.fr\/wp-content\/uploads\/2024\/05\/Calendrier-2024-2025-p1-768x286.png 768w, https:\/\/julesferry-cannes.fr\/wp-content\/uploads\/2024\/05\/Calendrier-2024-2025-p1-1536x571.png 1536w, https:\/\/julesferry-cannes.fr\/wp-content\/uploads\/2024\/05\/Calendrier-2024-2025-p1-360x134.png 360w, https:\/\/julesferry-cannes.fr\/wp-content\/uploads\/2024\/05\/Calendrier-2024-2025-p1.png 1680w\" sizes=\"(max-width: 1024px) 100vw, 1024px\" \/><\/figure>\n\n\n\n<figure class=\"wp-block-image size-large\"><img loading=\"lazy\" decoding=\"async\" width=\"1024\" height=\"735\" src=\"https:\/\/julesferry-cannes.fr\/wp-content\/uploads\/2024\/05\/Calendrier-2024-2025-p2-1024x735.png\" alt=\"\" class=\"wp-image-2464\" srcset=\"https:\/\/julesferry-cannes.fr\/wp-content\/uploads\/2024\/05\/Calendrier-2024-2025-p2-1024x735.png 1024w, https:\/\/julesferry-cannes.fr\/wp-content\/uploads\/2024\/05\/Calendrier-2024-2025-p2-300x215.png 300w, https:\/\/julesferry-cannes.fr\/wp-content\/uploads\/2024\/05\/Calendrier-2024-2025-p2-768x551.png 768w, https:\/\/julesferry-cannes.fr\/wp-content\/uploads\/2024\/05\/Calendrier-2024-2025-p2-360x258.png 360w, https:\/\/julesferry-cannes.fr\/wp-content\/uploads\/2024\/05\/Calendrier-2024-2025-p2.png 1081w\" sizes=\"(max-width: 1024px) 100vw, 1024px\" \/><\/figure>\n\n\n\n<figure class=\"wp-block-image size-full\"><img loading=\"lazy\" decoding=\"async\" width=\"1010\" height=\"463\" src=\"https:\/\/julesferry-cannes.fr\/wp-content\/uploads\/2024\/08\/Calendrier-2024-2025-p3v2-1bis-3.png\" alt=\"\" class=\"wp-image-2551\" srcset=\"https:\/\/julesferry-cannes.fr\/wp-content\/uploads\/2024\/08\/Calendrier-2024-2025-p3v2-1bis-3.png 1010w, https:\/\/julesferry-cannes.fr\/wp-content\/uploads\/2024\/08\/Calendrier-2024-2025-p3v2-1bis-3-300x138.png 300w, https:\/\/julesferry-cannes.fr\/wp-content\/uploads\/2024\/08\/Calendrier-2024-2025-p3v2-1bis-3-768x352.png 768w, https:\/\/julesferry-cannes.fr\/wp-content\/uploads\/2024\/08\/Calendrier-2024-2025-p3v2-1bis-3-360x165.png 360w\" sizes=\"(max-width: 1010px) 100vw, 1010px\" \/><\/figure>\n\n\n\n<figure class=\"wp-block-image size-large\"><img loading=\"lazy\" decoding=\"async\" width=\"1024\" height=\"631\" src=\"https:\/\/julesferry-cannes.fr\/wp-content\/uploads\/2024\/08\/Calendrier-2024-2025-p3v2-2-1024x631.png\" alt=\"\" class=\"wp-image-2541\" srcset=\"https:\/\/julesferry-cannes.fr\/wp-content\/uploads\/2024\/08\/Calendrier-2024-2025-p3v2-2-1024x631.png 1024w, https:\/\/julesferry-cannes.fr\/wp-content\/uploads\/2024\/08\/Calendrier-2024-2025-p3v2-2-300x185.png 300w, https:\/\/julesferry-cannes.fr\/wp-content\/uploads\/2024\/08\/Calendrier-2024-2025-p3v2-2-768x473.png 768w, https:\/\/julesferry-cannes.fr\/wp-content\/uploads\/2024\/08\/Calendrier-2024-2025-p3v2-2-360x222.png 360w, https:\/\/julesferry-cannes.fr\/wp-content\/uploads\/2024\/08\/Calendrier-2024-2025-p3v2-2.png 1115w\" sizes=\"(max-width: 1024px) 100vw, 1024px\" \/><\/figure>\n","protected":false},"excerpt":{"rendered":"<p>T\u00e9l\u00e9charger l&rsquo;affiche Exemples d&rsquo;activit\u00e9s de nos \u00e9tudiants L&#8217;emploi de nos apprentis Calendrier pr\u00e9visionnel de l\u2019alternance 2024-2025<\/p>\n","protected":false},"author":3,"featured_media":0,"parent":0,"menu_order":0,"comment_status":"closed","ping_status":"closed","template":"templates\/full-width.php","meta":{"footnotes":""},"_links":{"self":[{"href":"https:\/\/julesferry-cannes.fr\/index.php?rest_route=\/wp\/v2\/pages\/1634"}],"collection":[{"href":"https:\/\/julesferry-cannes.fr\/index.php?rest_route=\/wp\/v2\/pages"}],"about":[{"href":"https:\/\/julesferry-cannes.fr\/index.php?rest_route=\/wp\/v2\/types\/page"}],"author":[{"embeddable":true,"href":"https:\/\/julesferry-cannes.fr\/index.php?rest_route=\/wp\/v2\/users\/3"}],"replies":[{"embeddable":true,"href":"https:\/\/julesferry-cannes.fr\/index.php?rest_route=%2Fwp%2Fv2%2Fcomments&post=1634"}],"version-history":[{"count":59,"href":"https:\/\/julesferry-cannes.fr\/index.php?rest_route=\/wp\/v2\/pages\/1634\/revisions"}],"predecessor-version":[{"id":2767,"href":"https:\/\/julesferry-cannes.fr\/index.php?rest_route=\/wp\/v2\/pages\/1634\/revisions\/2767"}],"wp:attachment":[{"href":"https:\/\/julesferry-cannes.fr\/index.php?rest_route=%2Fwp%2Fv2%2Fmedia&parent=1634"}],"curies":[{"name":"wp","href":"https:\/\/api.w.org\/{rel}","templated":true}]}}