{"id":1127,"date":"2021-02-02T12:47:51","date_gmt":"2021-02-02T11:47:51","guid":{"rendered":"http:\/\/julesferry-cannes.fr\/?page_id=1127"},"modified":"2023-03-14T13:17:30","modified_gmt":"2023-03-14T12:17:30","slug":"orientation","status":"publish","type":"page","link":"https:\/\/julesferry-cannes.fr\/?page_id=1127","title":{"rendered":"Orientation"},"content":{"rendered":"\n<hr class=\"wp-block-separator has-css-opacity\"\/>\n\n\n\n<p class=\"has-text-align-center\">Le Lyc\u00e9e Jules ferry vous offre la possibilit\u00e9 de participer \u00e0 des immersions afin de valider votre orientation Post Bac.<\/p>\n\n\n\n<div class=\"wp-block-columns is-layout-flex wp-container-core-columns-layout-1 wp-block-columns-is-layout-flex\">\n<div class=\"wp-block-column is-layout-flow wp-block-column-is-layout-flow\"><\/div>\n\n\n\n<div class=\"wp-block-column is-layout-flow wp-block-column-is-layout-flow\">\n<div class=\"wp-block-buttons is-layout-flex wp-block-buttons-is-layout-flex\">\n<div class=\"wp-block-button\"><a class=\"wp-block-button__link has-vivid-green-cyan-background-color has-background\" href=\"http:\/\/rendezvousorientation.ac-nice.fr\/offer\/list?type=institute&amp;data=LYCEE+GENERAL+ET+TECHNOLOGIQUE+JULES+FERRY\" target=\"_blank\" rel=\"noreferrer noopener\">Consulter les offres<\/a><\/div>\n<\/div>\n<\/div>\n\n\n\n<div class=\"wp-block-column is-layout-flow wp-block-column-is-layout-flow\"><\/div>\n<\/div>\n\n\n\n<p class=\"has-text-align-center\">Pour vous inscrire vous devez contacter votre \u00e9tablissement d&rsquo;origine.<\/p>\n\n\n\n<hr class=\"wp-block-separator has-css-opacity\"\/>\n\n\n\n<p class=\"has-text-align-center\">Calendrier PARCOUSUP<\/p>\n\n\n<a href=\"https:\/\/julesferry-cannes.fr\/wp-content\/uploads\/2022\/12\/calendrier_parcoursup_2023.pdf\" class=\"pdfemb-viewer\" style=\"\" data-width=\"max\" data-height=\"max\"  data-toolbar=\"bottom\" data-toolbar-fixed=\"off\">calendrier_parcoursup_2023<br\/><\/a>\n<p class=\"wp-block-pdfemb-pdf-embedder-viewer\"><\/p>\n\n\n\n<div class=\"wp-block-buttons is-content-justification-center is-layout-flex wp-container-core-buttons-layout-2 wp-block-buttons-is-layout-flex\">\n<div class=\"wp-block-button is-style-fill\"><a class=\"wp-block-button__link has-vivid-green-cyan-background-color has-background\" href=\"https:\/\/julesferry-cannes.fr\/wp-content\/uploads\/2022\/12\/calendrier_parcoursup_2023.pdf\">T\u00e9l\u00e9charger le calendrier PARCOURSUP<\/a><\/div>\n<\/div>\n\n\n\n<hr class=\"wp-block-separator has-alpha-channel-opacity\"\/>\n","protected":false},"excerpt":{"rendered":"<p>Le Lyc\u00e9e Jules ferry vous offre la possibilit\u00e9 de participer \u00e0 des immersions afin de valider votre orientation Post Bac. Pour vous inscrire vous devez contacter votre \u00e9tablissement d&rsquo;origine. Calendrier PARCOUSUP<\/p>\n","protected":false},"author":3,"featured_media":0,"parent":0,"menu_order":0,"comment_status":"closed","ping_status":"closed","template":"","meta":{"footnotes":""},"_links":{"self":[{"href":"https:\/\/julesferry-cannes.fr\/index.php?rest_route=\/wp\/v2\/pages\/1127"}],"collection":[{"href":"https:\/\/julesferry-cannes.fr\/index.php?rest_route=\/wp\/v2\/pages"}],"about":[{"href":"https:\/\/julesferry-cannes.fr\/index.php?rest_route=\/wp\/v2\/types\/page"}],"author":[{"embeddable":true,"href":"https:\/\/julesferry-cannes.fr\/index.php?rest_route=\/wp\/v2\/users\/3"}],"replies":[{"embeddable":true,"href":"https:\/\/julesferry-cannes.fr\/index.php?rest_route=%2Fwp%2Fv2%2Fcomments&post=1127"}],"version-history":[{"count":20,"href":"https:\/\/julesferry-cannes.fr\/index.php?rest_route=\/wp\/v2\/pages\/1127\/revisions"}],"predecessor-version":[{"id":2098,"href":"https:\/\/julesferry-cannes.fr\/index.php?rest_route=\/wp\/v2\/pages\/1127\/revisions\/2098"}],"wp:attachment":[{"href":"https:\/\/julesferry-cannes.fr\/index.php?rest_route=%2Fwp%2Fv2%2Fmedia&parent=1127"}],"curies":[{"name":"wp","href":"https:\/\/api.w.org\/{rel}","templated":true}]}}